ions digit of 1256786509?
6
What is the millions digit of 6485103814?
5
What is the millions digit of 385704054?
5
What is the units digit of 1650886456?
6
What is the hundred millions digit of 438884621?
4
What is the millions digit of 1528814020?
8
What is the hundred millions digit of 315795163?
3
What is the thousands digit of 338622251?
2
What is the tens digit of 243140817?
1
What is the millions digit of 850572341?
0
What is the hundreds digit of 289000801?
8
What is the units digit of 69496235?
5
What is the hundreds digit of 801038459?
4
What is the ten thousands digit of 75750524?
5
What is the hundred thousands digit of 46806316?
8
What is the thousands digit of 364920113?
0
What is the tens digit of 3004603431?
3
What is the hundred thousands digit of 2849768141?
7
What is the thousands digit of 729910318?
0
What is the millions digit of 547831913?
7
What is the millions digit of 1636267948?
6
What is the hundreds digit of 191408769?
7
What is the thousands digit of 279496668?
6
What is the hundreds digit of 2854979943?
9
What is the hundred millions digit of 262121276?
2
What is the thousands digit of 371225464?
5
What is the hundred thousands digit of 424898955?
8
What is the billions digit of 6647369346?
6
What is the hundred millions digit of 145254744?
1
What is the ten millions digit of 281161338?
8
What is the tens digit of 451595803?
0
What is the hundreds digit of 133993968?
9
What is the hundred millions digit of 314225795?
3
What is the hundred thousands digit of 543622961?
6
What is the tens digit of 1849680533?
3
What is the millions digit of 251838639?
1
What is the billions digit of 1536652480?
1
What is the ten thousands digit of 701613201?
1
What is the thousands digit of 53077915?
7
What is the ten thousands digit of 38214484?
1
What is the ten thousands digit of 4747936978?
3
What is the hundreds digit of 3078925?
9
What is the tens digit of 199726526?
2
What is the millions digit of 1223149430?
3
What is the units digit of 36576454?
4
What is the thousands digit of 45753780?
3
What is the ten thousands digit of 56667945?
6
What is the millions digit of 93350517?
3
What is the hundreds digit of 301134384?
3
What is the billions digit of 1836812918?
1
What is the thousands digit of 367732137?
2
What is the tens digit of 1879132?
3
What is the units digit of 5200796364?
4
What is the hundred thousands digit of 406890233?
8
What is the hundred millions digit of 109718961?
1
What is the hundred thousands digit of 50827091?
8
What is the units digit of 33492992?
2
What is the ten millions digit of 24326779?
2
What is the units digit of 1230625340?
0
What is the hundreds digit of 41333012?
0
What is the ten thousands digit of 42290890?
9
What is the ten millions digit of 101598718?
0
What is the ten millions digit of 1577112041?
7
What is the ten thousands digit of 511030026?
3
What is the units digit of 1282769457?
7
What is the thousands digit of 167596380?
6
What is the ten thousands digit of 160114183?
1
What is the hundred thousands digit of 864792616?
7
What is the millions digit of 106732657?
6
What is the hundred millions digit of 446578204?
4
What is the ten thousands digit of 88360889?
6
What is the ten thousands digit of 365777936?
7
What is the tens digit of 13267690?
9
What is the hundreds digit of 687327033?
0
What is the hundred thousands digit of 157084456?
0
What is the hundred millions digit of 1219944540?
2
What is the hundreds digit of 404701091?
0
What is the millions digit of 21984177?
1
What is the ten millions digit of 43853080?
4
What is the millions digit of 239234287?
9
What is the millions digit of 84127602?
4
What is the millions digit of 180585280?
0
What is the hundred thousands digit of 4961172422?
1
What is the tens digit of 2954764551?
5
What is the thousands digit of 395769493?
9
What is the billions digit of 1026486724?
1
What is the millions digit of 458996934?
8
What is the millions digit of 1639906183?
9
What is the hundred thousands digit of 1474630955?
6
What is the units digit of 41100406?
6
What is the ten thousands digit of 421103860?
0
What is the ten thousands digit of 2430461850?
6
What is the tens digit of 4942600618?
1
What is the thousands digit of 853292359?
2
What is the hundreds digit of 313755975?
9
What is the millions digit of 5371889?
5
What is the billions digit of 1557101479?
1
What is the hundreds digit of 772766883?
8
What is the millions digit of 712555930?
2
What is the hundreds digit of 278242695?
6
What is the units digit of 504740328?
8
What is the units digit of 497785829?
9
What is the hundred thousands digit of 24150249?
1
What is the millions digit of 561459028?
1
What is the millions digit of 351155060?
1
What is the hundred thousands digit of 549876291?
8
What is the ten millions digit of 49226789?
4
What is the ten thousands digit of 310043741?
4
What is the ten millions digit of 161782865?
6
What is the hundred thousands digit of 5105041?
1
What is the millions digit of 4053560746?
3
What is the units digit of 182869190?
0
What is the millions digit of 232586258?
2
What is the hundred millions digit of 620891645?
6
What is the thousands digit of 1890020354?
0
What is the thousands digit of 292204728?
4
What is the ten millions digit of 442676791?
4
What is the tens digit of 48995319?
1
What is the millions digit of 88943264?
8
What is the thousands digit of 6268002?
8
What is the ten millions digit of 2033931269?
3
What is the thousands digit of 947348135?
8
What is the hundreds digit of 44620999?
9
What is the ten millions digit of 58472331?
5
What is the hundreds digit of 16770031?
0
What is the tens digit of 1891136297?
9
What is the millions digit of 39193084?
9
What is the hundreds digit of 69818261?
2
What is the units digit of 170455823?
3
What is the ten thousands digit of 57581477?
8
What is the millions digit of 116305132?
6
What is the hundred thousands digit of 427935581?
9
What is the hundred millions digit of 676506300?
6
What is the units digit of 1663302018?
8
What is the hundred thousands digit of 110436554?
4
What is the millions digit of 440325718?
0
What is the ten millions digit of 78521467?
7
What is the millions digit of 408331755?
8
What is the hundreds digit of 193666228?
2
What is the hundreds digit of 40603725?
7
What is the thousands digit of 35526190?
6
What is the millions digit of 45619875?
5
What is the thousands digit of 192856429?
6
What is the thousands digit of 7154337630?
7
What is the tens digit of 903312814?
1
What is the units digit of 62354323?
3
What is the thousands digit of 542284555?
4
What is the hundred thousands digit of 85476113?
4
What is the tens digit of 41672703?
0
What is the billions digit of 1540755000?
1
What is the units digit of 349774861?
1
What is the millions digit of 468969830?
8
What is the millions digit of 3952017138?
2
What is the thousands digit of 74563849?
3
What is the hundreds digit of 2202303340?
3
What is the millions digit of 203844072?
3
What is the ten millions digit of 1329371613?
2
What is the hundreds digit of 1590781865?
8
What is the ten millions digit of 29448840?
2
What is the hundred thousands digit of 973178101?
1
What is the hundred thousands digit of 469017848?
0
What is the hundreds digit of 57792132?
1
What is the millions digit of 222802122?
2
What is the tens digit of 446829513?
1
What is the tens digit of 51058343?
4
What is the thousands digit of 2972566010?
6
What is the ten millions digit of 463001470?
6
What is the ten thousands digit of 160226180?
2
What is the hundred millions digit of 741467406?
7
What is the thousands digit of 870918378?
8
What is the hundreds digit of 11758772?
7
What is the hundred thousands digit of 1379809443?
8
What is the hundred thousands digit of 21977466?
9
What is the tens digit of 1253800846?
4
What is the ten thousands digit of 95642167?
4
What is the units digit of 1701114514?
4
What is the hundreds digit of 79821657?
6
What is the hundred thousands digit of 1519560901?
5
What is the tens digit of 561969844?
4
What is the ten millions digit of 42407984?
4
What is the ten thousands digit of 302866660?
6
What is the ten millions digit of 1057934914?
5
What is the millions digit of 62577571?
2
What is the hundreds d